{"id":12,"date":"2022-12-15T14:05:27","date_gmt":"2022-12-15T14:05:27","guid":{"rendered":"https:\/\/www.maisonregimental.com\/next\/?page_id=12"},"modified":"2024-05-29T15:33:18","modified_gmt":"2024-05-29T15:33:18","slug":"termini-e-condizioni","status":"publish","type":"page","link":"https:\/\/www.maisonregimental.com\/next\/termini-e-condizioni\/","title":{"rendered":"Termini e Condizioni"},"content":{"rendered":"<div class=\"elementor-element elementor-element-4bdd6425 e-con-boxed e-con\" data-id=\"4bdd6425\" data-element_type=\"container\" data-settings=\"{&quot;content_width&quot;:&quot;boxed&quot;}\">\n<div class=\"e-con-inner\">\n<div class=\"elementor-element elementor-element-7de7238f elementor-widget elementor-widget-text-editor\" data-id=\"7de7238f\" data-element_type=\"widget\" data-widget_type=\"text-editor.default\">\n<div class=\"elementor-widget-container\">\n<div class=\"elementor-text-editor elementor-clearfix\">\n<p>Gentile Cliente,<\/p>\n<p>Il Titolare del Trattamento, REGIMENTAL SRL (P.IVA 13479740964) corrente in Via Imperia 43, Milano 20142 <strong>informa\u00a0<\/strong>ai sensi dell\u2019art. 13 del\u00a0<strong>Regolamento (UE) 2016\/679, secondo quanto segue:<\/strong><\/p>\n<p><strong>CHI TRATTA I TUOI DATI PERSONALI E A CHI POSSONO ESSERE COMUNICATI?<\/strong><\/p>\n<p>Il Titolare del trattamento si avvale di Collaboratori e Dipendenti debitamente istruiti per operare un corretto trattamento dei tuoi dati personali.<\/p>\n<p>Le tue informazioni di carattere personale possono essere comunicate a fornitori,\u00a0<em>dropshipper\u00a0<\/em>e vettori per consegnarti i prodotti ordinati. Ma anche Pubbliche Amministrazioni, commercialisti e avvocati potranno trattare i tuoi dati personali.<\/p>\n<p><strong>QUALI DATI PERSONALI TRATTIAMO, PER QUALI FINALIT\u00c0 E PER QUANTO TEMPO LI CONSERVIAMO?<\/strong><\/p>\n<p><strong>Dati comuni:\u00a0<\/strong>raccogliamo unicamente dati comuni identificativi (nome, cognome, pseudonimo) e di contatto, indirizzo e-mail, indirizzo telefonico. Trattiamo, inoltre, dati relativi ai pagamenti elettronici.<\/p>\n<p><strong>Dati particolari:\u00a0<\/strong>Nessun dato particolare ai sensi dell\u2019art. 9 o 10 GDPR viene trattato.<\/p>\n<p><strong>PER QUALI FINALIT\u00c0 TRATTIAMO NECESSARIAMENTE I TUOI DATI PERSONALI?<\/strong><\/p>\n<p><strong>Per registrarti al sito<\/strong>\u00a0<strong>e per la creazione del tuo account<\/strong>: per effettuare la registrazione raccogliamo il tuo indirizzo IP, il tuo nome e cognome e il tuo indirizzo e-mail e, su base facoltativa, il tuo numero di telefono. Il tuo account ti permette di accedere all\u2019acquisto di prodotti in vendita sia creare un account anche senza acquisti e, pertanto, questo trattamento \u00e8 necessario per l\u2019esecuzione di misure precontrattuali. Questi dati vengono conservati finch\u00e9 il profilo rimane attivo e dopo un anno di inattivit\u00e0, ti verr\u00e0 chiesto se vorrai cancellare il profilo. Ove tu voglia cancellare il profilo, i dati relativi agli acquisti verranno conservati per altri 2 anni fino allo spirare della garanzia del prodotto, mentre i dati relativi a fatture e ricevute verranno conservati per altri 5 anni.<\/p>\n<p><strong>Per venderti i nostri prodotti e per eseguire la spedizione:\u00a0<\/strong>Per questa finalit\u00e0 trattiamo dati comuni quali Indirizzi IP, nome e cognome indirizzo e-mail e il tuo indirizzo postale e i tuoi dati relativi al profilo utente. Il numero di telefono \u00e8 raccolto per l\u2019esecuzione dell\u2019ordine<\/p>\n<p><strong>Dati necessari per adempiere agli obblighi di legge e trattati per motivi di legittimo interesse del titolare:\u00a0<\/strong>dati necessari a rispettare i requisiti di rendicontazione finanziaria ed ogni altro adempimento che la legge ci impone, nonch\u00e9 per motivi di legittimo interesse. Questi dati personali verranno trattati per un\u00a0<strong>periodo non superiore a 5 (cinque) anni<\/strong>.<\/p>\n<p><strong>PER QUALI ALTRE FINALIT\u00c0 FACOLTATIVE TRATTIAMO I TUOI DATI PERSONALI?<\/strong><\/p>\n<p><strong>Invio di comunicazioni commerciali via E-mail:\u00a0<\/strong>Se sei iscritto al nostro sito o se hai acquistato i nostri prodotti, potrai ricevere e-mail di comunicazione commerciali (<em>opt out<\/em>) ai sensi dell\u2019art. 140 comma 4 del Codice della privacy.<\/p>\n<p>Se non sei nostro cliente, ma sei interessato ai nostri prodotti, richiediamo il tuo consenso (<em>opt in<\/em>) per iscriverti alla newsletter e potrai sempre disiscriverti in ogni tempo e senza alcun costo tramite il modulo in calce alla mail.<\/p>\n<p>Riceverai le nostre comunicazioni fino a che il profilo resta attivo o non revocherai il consenso all\u2019invio delle stesse. In ogni caso, non oltre 2 anni dall\u2019avvenuta cancellazione del profilo.<\/p>\n<p><strong>Per condividere recensioni e commenti:<\/strong>\u00a0attraverso il proprio profilo Utente \u00e8 possibile condividere recensioni e commenti che resteranno online fino a ch\u00e9 non verr\u00e0 espressamente richiesta la rimozione. Anche in caso di cancellazione del profilo i commenti resteranno online a meno che l\u2019utente, in sede di disiscrizione non richieda la rimozione degli stessi<\/p>\n<p><strong>Profilazione commerciale<\/strong>: Richiediamo il consenso alla profilazione per inviarti offerte commerciali mirate con sconti e informazioni su misura sui nostri prodotti e su saldi pensati apposta per te. Se non sarai pi\u00f9 interessato potrai opporti o revocare quando vorrai il consenso alla profilazione commerciale o alla newsletter e non ti invieremo pi\u00f9 offerte commerciali su misura.<\/p>\n<p>Se non presti il consenso alla profilazione commerciale, riceverai solo offerte e informazioni sulle offerte generali e non pensate su misura per te.<\/p>\n<p>&nbsp;<\/p>\n<p><strong>I TUOI DIRITTI DI INTERESSATO E COME FARLI VALERE<\/strong><\/p>\n<p>Ai sensi della normativa in vigore e nei limiti della stessa, puoi esercitare ogni facolt\u00e0 e diritto previsto e disciplinato dal Capo III del Regolamento (UE) 2016\/679 (GDPR). Ti \u00e8 concesso, in particolare: il diritto alla trasparenza in ordine alle modalit\u00e0 del trattamento, di ricevere specifiche informazioni in merito ai tuoi dati trattati, di accedere, rettificare o cancellare i dati personali detenuti, di limitarne trattamento, la \u201cportabilit\u00e0\u201d dei dati personali (ove possibile), l\u2019opposizione al trattamento per specifici e documentati motivi, la proposizione di reclamo all\u2019Autorit\u00e0 Garante e di essere informato dal Titolare circa l\u2019esistenza di eventuali violazioni dei dati che lo riguardano (<em>Data Breaches<\/em>).<\/p>\n<p>Puoi esercitare i tuoi diritti rivolgendo apposita richiesta al seguente indirizzo e-mail riferito al nostro referente\u00a0<em>data protection<\/em>: <a href=\"mailto:cu**********@**************al.com\" data-original-string=\"+MxBxKP+PLMtPXTsa15D+A==5c0K4tBVBC+CmiEqGN0qfaekT1yk0887d\/uVno7CYX9oUrCvGfg8jYmunqow8cICVvA\" title=\"This contact has been encoded by Anti-Spam by CleanTalk. Click to decode. To finish the decoding make sure that JavaScript is enabled in your browser.\"><span \n                data-original-string='bKaZGli6vaGBnGoGZ6WSKw==5c0a9UOshSxbWCkY7+4TWr5qYMqm4fL\/4WvvTn4vfEDUMBETOVpSDOm0mULTusR+BIs'\n                class='apbct-email-encoder'\n                title='This contact has been encoded by Anti-Spam by CleanTalk. Click to decode. To finish the decoding make sure that JavaScript is enabled in your browser.'>cu<span class=\"apbct-blur\">**********<\/span>@<span class=\"apbct-blur\">**************<\/span>al.com<\/span><\/a> senza alcuna formalit\u00e0 e gratuitamente, compilando regolarmente il modulo in allegato alla presente Informativa.<\/p>\n<p>Hai diritto di ricevere riscontro alla tua richiesta entro 30 giorni, salvo che non ricorrano giustificati motivi; nel qual caso il termine pu\u00f2 essere prolungato fino 90 giorni.<\/p>\n<p>Riceverai risposta alla mail che ci hai comunicato per fare valere i tuoi diritti di interessato.<\/p>\n<p>Puoi avvalerti, per l\u2019esercizio dei tuoi diritti, di persone fisiche, enti, associazioni o organismi, conferendo, a tal fine, delega scritta e farti assistere da una persona di fiducia.<\/p>\n<\/div>\n<\/div>\n<\/div>\n<\/div>\n<\/div>\n<section class=\"elementor-section elementor-top-section elementor-element elementor-element-7f6f4c1e elementor-section-stretched elementor-section-boxed elementor-section-height-default elementor-section-height-default\" data-id=\"7f6f4c1e\" data-element_type=\"section\" data-settings=\"{&quot;stretch_section&quot;:&quot;section-stretched&quot;}\">\n<div class=\"elementor-container elementor-column-gap-no\">\n<div class=\"elementor-column elementor-col-100 elementor-top-column elementor-element elementor-element-1a549008 animated-fast animated opal-move-up\" data-id=\"1a549008\" data-element_type=\"column\" data-settings=\"{&quot;animation&quot;:&quot;opal-move-up&quot;}\">\n<div class=\"elementor-widget-wrap elementor-element-populated\">\n<div class=\"elementor-element elementor-element-1eb8139b elementor-widget elementor-widget-heading\" data-id=\"1eb8139b\" data-element_type=\"widget\" data-widget_type=\"heading.default\">\n<div class=\"elementor-widget-container\"><\/div>\n<\/div>\n<\/div>\n<\/div>\n<\/div>\n<\/section>\n","protected":false},"excerpt":{"rendered":"<p>Gentile Cliente, Il Titolare del Trattamento, REGIMENTAL SRL (P.IVA 13479740964) corrente in Via Imperia 43, Milano 20142 informa\u00a0ai sensi dell\u2019art. 13 del\u00a0Regolamento (UE) 2016\/679, secondo quanto segue: CHI TRATTA I TUOI DATI PERSONALI E A CHI POSSONO ESSERE COMUNICATI? Il Titolare del trattamento si avvale di Collaboratori e Dipendenti debitamente istruiti per operare un corretto &hellip; <\/p>\n<p class=\"link-more\"><a href=\"https:\/\/www.maisonregimental.com\/next\/termini-e-condizioni\/\" class=\"more-link\">Read More <span class=\"screen-reader-text\"> &#8220;Termini e Condizioni&#8221;<\/span><\/a><\/p>\n","protected":false},"author":1,"featured_media":0,"parent":0,"menu_order":0,"comment_status":"closed","ping_status":"closed","template":"","meta":{"footnotes":""},"class_list":["post-12","page","type-page","status-publish","hentry"],"yoast_head":"<!-- This site is optimized with the Yoast SEO plugin v27.2 - https:\/\/yoast.com\/product\/yoast-seo-wordpress\/ -->\n<title>Termini e Condizioni | Regimental Milano<\/title>\n<meta name=\"robots\" content=\"noindex, follow, max-snippet:-1, max-image-preview:large, max-video-preview:-1\" \/>\n<meta property=\"og:locale\" content=\"it_IT\" \/>\n<meta property=\"og:type\" content=\"article\" \/>\n<meta property=\"og:title\" content=\"Termini e Condizioni | Regimental Milano\" \/>\n<meta property=\"og:description\" content=\"Gentile Cliente, Il Titolare del Trattamento, REGIMENTAL SRL (P.IVA 13479740964) corrente in Via Imperia 43, Milano 20142 informa\u00a0ai sensi dell\u2019art. 13 del\u00a0Regolamento (UE) 2016\/679, secondo quanto segue: CHI TRATTA I TUOI DATI PERSONALI E A CHI POSSONO ESSERE COMUNICATI? Il Titolare del trattamento si avvale di Collaboratori e Dipendenti debitamente istruiti per operare un corretto &hellip; Read More &quot;Termini e Condizioni&quot;\" \/>\n<meta property=\"og:url\" content=\"https:\/\/www.maisonregimental.com\/next\/termini-e-condizioni\/\" \/>\n<meta property=\"og:site_name\" content=\"Regimental Milano\" \/>\n<meta property=\"article:modified_time\" content=\"2024-05-29T15:33:18+00:00\" \/>\n<meta name=\"twitter:card\" content=\"summary_large_image\" \/>\n<meta name=\"twitter:label1\" content=\"Tempo di lettura stimato\" \/>\n\t<meta name=\"twitter:data1\" content=\"5 minuti\" \/>\n<script type=\"application\/ld+json\" class=\"yoast-schema-graph\">{\"@context\":\"https:\/\/schema.org\",\"@graph\":[{\"@type\":\"WebPage\",\"@id\":\"https:\/\/www.maisonregimental.com\/next\/termini-e-condizioni\/\",\"url\":\"https:\/\/www.maisonregimental.com\/next\/termini-e-condizioni\/\",\"name\":\"Termini e Condizioni | Regimental Milano\",\"isPartOf\":{\"@id\":\"https:\/\/www.maisonregimental.com\/next\/#website\"},\"datePublished\":\"2022-12-15T14:05:27+00:00\",\"dateModified\":\"2024-05-29T15:33:18+00:00\",\"breadcrumb\":{\"@id\":\"https:\/\/www.maisonregimental.com\/next\/termini-e-condizioni\/#breadcrumb\"},\"inLanguage\":\"it-IT\",\"potentialAction\":[{\"@type\":\"ReadAction\",\"target\":[\"https:\/\/www.maisonregimental.com\/next\/termini-e-condizioni\/\"]}]},{\"@type\":\"BreadcrumbList\",\"@id\":\"https:\/\/www.maisonregimental.com\/next\/termini-e-condizioni\/#breadcrumb\",\"itemListElement\":[{\"@type\":\"ListItem\",\"position\":1,\"name\":\"Home\",\"item\":\"https:\/\/www.maisonregimental.com\/next\/\"},{\"@type\":\"ListItem\",\"position\":2,\"name\":\"Termini e Condizioni\"}]},{\"@type\":\"WebSite\",\"@id\":\"https:\/\/www.maisonregimental.com\/next\/#website\",\"url\":\"https:\/\/www.maisonregimental.com\/next\/\",\"name\":\"Maison Regimental Milano\",\"description\":\"Massima espressione estetica individuale unita a un forte rigore interiore\",\"publisher\":{\"@id\":\"https:\/\/www.maisonregimental.com\/next\/#organization\"},\"potentialAction\":[{\"@type\":\"SearchAction\",\"target\":{\"@type\":\"EntryPoint\",\"urlTemplate\":\"https:\/\/www.maisonregimental.com\/next\/?s={search_term_string}\"},\"query-input\":{\"@type\":\"PropertyValueSpecification\",\"valueRequired\":true,\"valueName\":\"search_term_string\"}}],\"inLanguage\":\"it-IT\"},{\"@type\":\"Organization\",\"@id\":\"https:\/\/www.maisonregimental.com\/next\/#organization\",\"name\":\"Maison Regimental Milano\",\"url\":\"https:\/\/www.maisonregimental.com\/next\/\",\"logo\":{\"@type\":\"ImageObject\",\"inLanguage\":\"it-IT\",\"@id\":\"https:\/\/www.maisonregimental.com\/next\/#\/schema\/logo\/image\/\",\"url\":\"https:\/\/www.maisonregimental.com\/next\/wp-content\/uploads\/2022\/11\/cropped-favicon-512.png\",\"contentUrl\":\"https:\/\/www.maisonregimental.com\/next\/wp-content\/uploads\/2022\/11\/cropped-favicon-512.png\",\"width\":512,\"height\":512,\"caption\":\"Maison Regimental Milano\"},\"image\":{\"@id\":\"https:\/\/www.maisonregimental.com\/next\/#\/schema\/logo\/image\/\"},\"sameAs\":[\"https:\/\/www.instagram.com\/regimental_milano_official\/\"]}]}<\/script>\n<!-- \/ Yoast SEO plugin. -->","yoast_head_json":{"title":"Termini e Condizioni | Regimental Milano","robots":{"index":"noindex","follow":"follow","max-snippet":"max-snippet:-1","max-image-preview":"max-image-preview:large","max-video-preview":"max-video-preview:-1"},"og_locale":"it_IT","og_type":"article","og_title":"Termini e Condizioni | Regimental Milano","og_description":"Gentile Cliente, Il Titolare del Trattamento, REGIMENTAL SRL (P.IVA 13479740964) corrente in Via Imperia 43, Milano 20142 informa\u00a0ai sensi dell\u2019art. 13 del\u00a0Regolamento (UE) 2016\/679, secondo quanto segue: CHI TRATTA I TUOI DATI PERSONALI E A CHI POSSONO ESSERE COMUNICATI? Il Titolare del trattamento si avvale di Collaboratori e Dipendenti debitamente istruiti per operare un corretto &hellip; Read More \"Termini e Condizioni\"","og_url":"https:\/\/www.maisonregimental.com\/next\/termini-e-condizioni\/","og_site_name":"Regimental Milano","article_modified_time":"2024-05-29T15:33:18+00:00","twitter_card":"summary_large_image","twitter_misc":{"Tempo di lettura stimato":"5 minuti"},"schema":{"@context":"https:\/\/schema.org","@graph":[{"@type":"WebPage","@id":"https:\/\/www.maisonregimental.com\/next\/termini-e-condizioni\/","url":"https:\/\/www.maisonregimental.com\/next\/termini-e-condizioni\/","name":"Termini e Condizioni | Regimental Milano","isPartOf":{"@id":"https:\/\/www.maisonregimental.com\/next\/#website"},"datePublished":"2022-12-15T14:05:27+00:00","dateModified":"2024-05-29T15:33:18+00:00","breadcrumb":{"@id":"https:\/\/www.maisonregimental.com\/next\/termini-e-condizioni\/#breadcrumb"},"inLanguage":"it-IT","potentialAction":[{"@type":"ReadAction","target":["https:\/\/www.maisonregimental.com\/next\/termini-e-condizioni\/"]}]},{"@type":"BreadcrumbList","@id":"https:\/\/www.maisonregimental.com\/next\/termini-e-condizioni\/#breadcrumb","itemListElement":[{"@type":"ListItem","position":1,"name":"Home","item":"https:\/\/www.maisonregimental.com\/next\/"},{"@type":"ListItem","position":2,"name":"Termini e Condizioni"}]},{"@type":"WebSite","@id":"https:\/\/www.maisonregimental.com\/next\/#website","url":"https:\/\/www.maisonregimental.com\/next\/","name":"Maison Regimental Milano","description":"Massima espressione estetica individuale unita a un forte rigore interiore","publisher":{"@id":"https:\/\/www.maisonregimental.com\/next\/#organization"},"potentialAction":[{"@type":"SearchAction","target":{"@type":"EntryPoint","urlTemplate":"https:\/\/www.maisonregimental.com\/next\/?s={search_term_string}"},"query-input":{"@type":"PropertyValueSpecification","valueRequired":true,"valueName":"search_term_string"}}],"inLanguage":"it-IT"},{"@type":"Organization","@id":"https:\/\/www.maisonregimental.com\/next\/#organization","name":"Maison Regimental Milano","url":"https:\/\/www.maisonregimental.com\/next\/","logo":{"@type":"ImageObject","inLanguage":"it-IT","@id":"https:\/\/www.maisonregimental.com\/next\/#\/schema\/logo\/image\/","url":"https:\/\/www.maisonregimental.com\/next\/wp-content\/uploads\/2022\/11\/cropped-favicon-512.png","contentUrl":"https:\/\/www.maisonregimental.com\/next\/wp-content\/uploads\/2022\/11\/cropped-favicon-512.png","width":512,"height":512,"caption":"Maison Regimental Milano"},"image":{"@id":"https:\/\/www.maisonregimental.com\/next\/#\/schema\/logo\/image\/"},"sameAs":["https:\/\/www.instagram.com\/regimental_milano_official\/"]}]}},"_links":{"self":[{"href":"https:\/\/www.maisonregimental.com\/next\/wp-json\/wp\/v2\/pages\/12","targetHints":{"allow":["GET"]}}],"collection":[{"href":"https:\/\/www.maisonregimental.com\/next\/wp-json\/wp\/v2\/pages"}],"about":[{"href":"https:\/\/www.maisonregimental.com\/next\/wp-json\/wp\/v2\/types\/page"}],"author":[{"embeddable":true,"href":"https:\/\/www.maisonregimental.com\/next\/wp-json\/wp\/v2\/users\/1"}],"replies":[{"embeddable":true,"href":"https:\/\/www.maisonregimental.com\/next\/wp-json\/wp\/v2\/comments?post=12"}],"version-history":[{"count":8,"href":"https:\/\/www.maisonregimental.com\/next\/wp-json\/wp\/v2\/pages\/12\/revisions"}],"predecessor-version":[{"id":7567,"href":"https:\/\/www.maisonregimental.com\/next\/wp-json\/wp\/v2\/pages\/12\/revisions\/7567"}],"wp:attachment":[{"href":"https:\/\/www.maisonregimental.com\/next\/wp-json\/wp\/v2\/media?parent=12"}],"curies":[{"name":"wp","href":"https:\/\/api.w.org\/{rel}","templated":true}]}}